 31*i + 31. What is the units digit of j(-16)?
7
Let k(a) = -13*a**3 - 4*a**2 - 9*a - 15. What is the units digit of k(-4)?
9
Let p = -47 + 42. What is the units digit of (-8)/(2 + p - (-12)/6)?
8
Let m = -22 + 33. Let u(x) = -x**2 + 9*x + 26. Let v be u(m). What is the units digit of (12/10)/(v/170)?
1
Let f = -38 - -57. Suppose -f*a + 20*a = 62. Suppose -4*z = -a - 10. What is the units digit of z?
8
Let m = 1306 + -500. What is the tens digit of m?
0
Let j(i) = 13*i**2 + 15*i - 80. What is the units digit of j(11)?
8
Suppose -4*g - 2*k + 10 = 0, 3*k - 4 = g + 4. Suppose -4*s + 88 = -2*s. What is the units digit of (s/8)/(g/2)?
1
Suppose -3151*w + 3149*w + 5448 = 0. What is the hundreds digit of w?
7
Suppose 2*j - u + 20 = -6*u, -2*j + u = -4. Let w(v) = -v**2 + 10 - v + j*v**2 + 0*v. What is the units digit of w(0)?
0
Suppose 4*p - 44 = 4*y, 3*y - 1 = -7. Suppose 3*b = p - 0. What is the units digit of b?
3
Suppose 2*z - 3652 = 3*v, -z - v - 2*v = -1817. What is the thousands digit of z?
1
Let k be 0*((-20)/(-4))/(-5). Suppose k = 2*s + 4*j - 240, 5*j = 3*s - 314 - 90. What is the tens digit of s?
2
Suppose -6*h = -15 - 51. Suppose 0 = -u + 5*t + 51, 2*u = 3*t + h + 105. What is the tens digit of u?
6
Let j(u) = -12*u + 1319. What is the tens digit of j(0)?
1
Let w = 366 - 53. What is the hundreds digit of w?
3
Let n = 16 - 14. Suppose -2*j + n*u = -3*u - 25, 4*u - 36 = -4*j. Suppose -4*t - 102 = -j*t. What is the tens digit of t?
1
Suppose 3*f - 12 = 3*v, 3*f - 13 = -4*v - 43. Let b be (-9 - v) + 5/1. Suppose 2*m = -b*m - s + 15, 17 = 5*m + 3*s. What is the units digit of m?
4
Suppose -7752 = -28*c + 16496. What is the units digit of c?
6
Let f(u) = -2899*u + 27. What is the tens digit of f(-1)?
2
Let o be 6 + (-4)/(-8)*-2. Suppose -2*l + 249 = o*b, b - 87 = -b - 5*l. What is the units digit of b?
1
Let o(v) = -v**3 + 0 + 7*v**2 - 8*v - 2 + 5*v + 0*v. What is the units digit of o(5)?
3
Suppose -5435 - 11351 = -14*p. What is the thousands digit of p?
1
Let n = -208 - -653. What is the units digit of n?
5
Let l = 11 - 4. Let t = 52 - l. What is the units digit of t?
5
Let s be ((-7)/(-2) - 3)*0. Suppose s = -2*h + 3 + 3. Suppose 4*z + 2*a - 128 = -2*a, -z + h*a = -28. What is the tens digit of z?
3
Let i = 26 - 22. Suppose 141 + 319 = i*f. What is the tens digit of f?
1
Suppose 0 = 22*h + 37*h - 101480. What is the thousands digit of h?
1
Suppose 5*r + 7 = 22. Suppose r*w - 480 = -2*w. Suppose -j = 3*j - w. What is the tens digit of j?
2
Suppose 0 = 2*p - 0 - 6. Suppose 2*m = -7 - p, m + 570 = 5*r. What is the tens digit of r?
1
Let s(a) = 48*a - 10. What is the thousands digit of s(22)?
1
Let d be (1/(-2))/(4/8). Let i = d + 5. Suppose -i*s + 6*o - o = -230, 2*o = s - 56. What is the units digit of s?
0
Let f be (-3)/(-6) - (-311)/2. Let x(d) = -3*d - 22. Let s be x(-8). Suppose 3 = -3*o, s*l - 3*o = f - 25. What is the tens digit of l?
6
Let d be -3*(-5)/15*3. Suppose -d*x - 2*q + 9 = -7, -2*x = -4*q. What is the units digit of x?
4
Let u(b) = b. Let x = -10 - -18. Let v(k) = -3*k + 1. Let w(y) = x*u(y) + 3*v(y). What is the units digit of w(-4)?
7
Suppose -d - 15 = -4*p - 0*p, 3*p + 5*d = -6. Suppose 167 = 3*v - p*c - c, -5*v + 4*c + 289 = 0. What is the units digit of v?
1
Let s(n) = n**3 - 8*n**2 - 3*n + 18. Let b be s(8). What is the units digit of (-4 + 6)*(-15)/b?
5
Let u(q) = q**3 + 37*q**2 - 47*q + 132. What is the thousands digit of u(-37)?
1
Let j(p) = p**3 + 7*p**2 + 4*p + 1. Suppose s - 3*l + 7 - 20 = 0, 0 = 5*s + 4*l - 46. Suppose r = 3*r + s. What is the tens digit of j(r)?
3
Let g = -12 - -14. Let p(i) = 3*i**2 - 3. Let u be p(2). Suppose -u = 3*z, g*f = -0*z + z + 57. What is the tens digit of f?
2
Let u(m) = -4*m - 7. Let p = 23 + 32. Suppose 3*f = -4*a - p, 2*f = -f + 5*a - 19. What is the tens digit of u(f)?
4
Suppose 683 = 2*h - 413. What is the tens digit of h?
4
Let c(d) = -37*d - 200. What is the hundreds digit of c(-22)?
6
Let s(n) = -n**2 - 2*n. Let v be s(-3). What is the units digit of v/((-9)/12) - -7?
1
What is the units digit of (-390894)/(-231) - 7/(231/6)?
2
Let w = -197 - -194. Let t(c) = 4*c**2 + 2*c + 4. Let o(k) = -17*k**2 - 7*k - 17. Let q(i) = 2*o(i) + 9*t(i). What is the units digit of q(w)?
8
Suppose -34 - 11 = 5*f. What is the tens digit of (2/f + 8630/(-45))*-1?
9
Suppose 0 = 2*j - 5*c + 44 - 109, -6 = -2*c. Suppose 4*o + 0*p - j = 5*p, 68 = 4*o + 2*p. What is the tens digit of 417/o - (-1)/5?
2
Let u be 0/(((-9)/(-3))/1). Suppose u - 13 = -n. Suppose -m + n = -14. What is the tens digit of m?
2
Let m = -5 - -4. What is the units digit of -4 + 25 + (-3)/m?
4
What is the units digit of 78/13 + (-1 - -16)?
1
Let t(v) = -v**3 - 15*v**2 - v - 13. Let q be t(-15). Suppose -3*k = -q*o - 179, -2*o = 3*k + 3*o - 193. What is the tens digit of k?
6
Let j(d) = 24*d + 16. Let b be j(3). Suppose 4*f + 5*y = 426, -4*f = 2*y - 332 - b. What is the units digit of f?
4
Let w be 13 + 0 - (0 - -3). Let g be 1/(2*1/w). Suppose -g*k = -288 + 73. What is the tens digit of k?
4
Let f = 89 + -73. Suppose -f = -3*t - t, 24 = 2*p - 5*t. What is the units digit of p?
2
Let j be 9/27*27/(-1). What is the units digit of 408/4 + 0*(-3)/j?
2
Let x = 18 - 24. What is the tens digit of (-219)/x - (-1)/(-2)?
3
Suppose 4*q - 750 = 630. What is the tens digit of q?
4
Let c = 180 - 3. What is the hundreds digit of c?
1
Let i be 8 + -1 - (7 - 4). Suppose 3*b + 5*u + 3 = -b, -b + 2 = i*u. What is the units digit of (2 - -10) + b + -3?
7
Suppose -2 = 2*n - 10. Let t be ((-372)/(-6))/(n/10). Suppose 4*l + 31 = t. What is the tens digit of l?
3
What is the hundreds digit of (-2)/(-9) + (-2284)/(-9)?
2
Let p(y) = 7*y**2 + 44*y + 230. What is the units digit of p(-20)?
0
Let l = -280 + 804. What is the hundreds digit of l?
5
What is the hundreds digit of (-1)/((-2)/1020*(-35)/(-28))?
4
What is the units digit of 6*(1 + (729/6)/3)?
9
Let w = -4 + 7. Let s be (3 - w)*(-3)/(-12). Suppose -4*j + 3*j + 2 = s. What is the units digit of j?
2
Suppose 0*u + 3*u = 234. Let o = -49 + u. Let g = 75 - o. What is the units digit of g?
6
Let p(h) = -2*h**3 + h + 2. Let o be p(-1). Let d be ((-4)/o)/(7/21). What is the units digit of (d - -2)*1*-15?
0
Suppose -8*d = -6626 - 8702. What is the units digit of d?
6
Let a be 1/(1*(-3)/(-9)). Let t = -3 + a. Suppose t = -y + 5*y - 88. What is the tens digit of y?
2
Let h = 22 - 23. Let y be h/((0 - -2)/(-4)). Suppose -3*a + y*v = -23, 2*a + 2*v = -3*a + 33. What is the units digit of a?
7
Let h be (2/(-4))/((-1)/(-6)). Let w(i) = i**2 + 13*i - 12. Let r be w(-13). What is the units digit of 134/8 + h/r?
7
Let i(o) = -5 - 57*o + 66*o + 9*o**2 + 15. What is the units digit of i(-5)?
0
Let l be 10/65 + (-1140)/(-26). Suppose -38*g + l*g = 972. What is the tens digit of g?
6
Suppose -2*h + 3*r = -7, -12 = -4*h + 4*r - 0*r. Let a(w) = 3*w**3 + w**2 - 4*w + 3. What is the tens digit of a(h)?
2
Let m = -16 - -278. Suppose 104 = -2*i + m. What is the units digit of i?
9
Suppose -357 = -3*v + l, -v - l + 357 = 2*v. What is the hundreds digit of v?
1
Let z = -5 - 7. Let h be (-21)/(-12) + (-3)/z. Suppose -q - 3*r - 30 = -3*q, -2*q + h*r = -28. What is the units digit of q?
2
Suppose 2*u - 22 = 4*g, 0*u = u + 4*g + 19. What is the tens digit of u*(24 + 1 - -4)?
2
Let v be 21/(((-18)/(-4))/(-3)). Let y = 16 + v. Suppose 0*g = y*g - 26. What is the units digit of g?
3
Let i be 5*(-3 + (-54)/(-15)). Suppose 4*d - d + a = i, 4*d = a + 11. What is the units digit of d?
2
Let i(k) = 14*k - 2. Let n be i(-7). Let x = -71 - n. What is the tens digit of x?
2
Let p = -26 + 15. Let d = -57 - -69. Let y = d + p. What is the units digit of y?
1
What is the tens digit of 217095/328 + 1/8?
6
Suppose j - 2 = -0. What is the tens digit of 219/j + 2/(-4)?
0
Suppose -7*i + 3*i + 4*n = 4, -4 = -4*i - 4*n. Suppose -5*l + i*l + 4*u = -20, 0 = l - 4*u + 12. What is the units digit of l?
8
Let f(n) = -n**2 - 9*n + 13. Let o be f(-9). Let p = -16 + o. What is the units digit of p + 0 - -1 - -37?
5
Suppose 11*x + 3743 = 30*x. What is the tens digit of x?
9
Let l(x) = x + 2. Let k be l(0). Suppose 0 = w - 1, -k*v + w = -v - 88. Suppose -2*n = -v - 21. What is the units digit of n?
5
Let h(a) = -24*a + 2. Let o(c) = 71*c - 6. Let t(s) = -7*h(s)